 the remainder when 36 is divided by w(k)?
3
Suppose 8*l + l - 1616 = -7*l. Calculate the remainder when 320 is divided by l.
17
Suppose 5*r - 4*y = 1377, y + 3589 = 10*r + 821. Calculate the remainder when r is divided by 70.
67
Let m = 18 - 8. Let c = 3776 - 3774. Calculate the remainder when (m - 11)*(0 - 7) is divided by c.
1
What is the remainder when (-3016)/(-58) - (-1 + -9) is divided by 33?
29
Suppose 322 = 3*f - 2*l, 5*f - 536 = -4*l - 14. Calculate the remainder when 278 is divided by f.
66
Suppose 8 = -2*t + 3*v, 4*v = 5*t - 17 + 9. Suppose -3*k + 1 + 8 = 0. Calculate the remainder when t is divided by k.
2
Suppose -4*i + 316 = 4*a, -5 + 1 = 4*a. What is the remainder when 1039 is divided by i?
79
Let h(c) = c**2 - 6*c - 6. Let t be h(7). Let o = t + 3. What is the remainder when (24 - (-8 - -4))/2 is divided by o?
2
What is the remainder when 10386 is divided by ((-203)/3 + 203 + -206)*-3?
210
Let w = 1952 + -1282. Calculate the remainder when w is divided by 28.
26
Let u(c) = -c**2 + 12*c + 13. Let g(j) = 2*j + 2 + 10 - 12*j**2 + 0*j - 3*j**3. What is the remainder when g(-5) is divided by u(9)?
37
Let s be (-15 - 1)/(12/18). Calculate the remainder when 58 is divided by s/5*420/(-63).
26
Let g(h) = h**2 - 4*h + 25. Let z be g(-11). Suppose -26*j + 21*j + z = 0. What is the remainder when j is divided by 11?
5
Let k(s) = -s**3 + 16*s**2 + 3*s - 237. What is the remainder when 63 is divided by k(15)?
30
Suppose 3*t = -22 + 13, -3*g + t + 8088 = 0. Calculate the remainder when g is divided by 71.
68
Suppose -5*w + 40 = 2*x - 3*w, -4*x = -w - 80. Suppose -1060 = -3146*v + 3126*v. What is the remainder when v is divided by x?
13
Let w(v) = -2*v**3 + 24*v**2 - 19*v + 20. Let g be w(8). Suppose -52 + g = 4*r. Let f = 14 + 14. What is the remainder when r is divided by f?
26
Let r(f) = 2444*f**3 - f + 3*f - 2363*f**3 - 4*f**2. What is the remainder when r(1) is divided by 20?
19
Suppose -5*m - 30 = 0, -5*v - 6*m - 17 = -191. Calculate the remainder when 669 is divided by v.
39
Let x be 11*-1*(-45 - -44). Suppose -9*o - x*o + 460 = 0. What is the remainder when o is divided by 6?
5
Let i be 1*(0 + (8 - 4)). Suppose -8*n = -i*n - 180. Suppose 5*a - 58 = -3*h, n = 4*a + 4*h + 5. Calculate the remainder when 39 is divided by a.
11
Suppose 183*i = 101749 + 320066. Calculate the remainder when i is divided by 33.
28
Suppose -4548 = -3*c - 1512. Calculate the remainder when (c/66)/((-2)/(-6)) is divided by 25.
21
Let g be 110/20*(7 + 2/(-2)). Suppose 2*s - g = 251. Suppose 5*c = -p + 244, p - 89 = 3*c - 229. Calculate the remainder when s is divided by c.
46
Suppose 7*m + 39 = 116. Let j(r) = -3*r**2 + 2*r + 2. Let i be j(-3). Let o = i - -84. Calculate the remainder when o is divided by m.
9
Suppose -8 = -u - 3. Suppose -u*d + 50 = 3*r + 2*r, 3*r = -4*d + 35. What is the remainder when 14 is divided by 1*d + (7 - 3)?
5
Suppose 4*c + 5*m = -37 + 1562, 0 = -4*c - 3*m + 1515. What is the remainder when c is divided by 57?
33
Suppose -4*h = -4*f - 180, -4*f + 8*f - 140 = -4*h. What is the remainder when h is divided by (24/(-5))/(50/(-125))?
4
Let o = 4150 - 2634. Suppose o = 3*c - 2*b, 5*b + 527 = -8*c + 9*c. Calculate the remainder when c is divided by 14.
12
Let f(r) = -r**2 - r + 1. Let u be f(1). Let l(v) = -v**2 + 202*v - 4567. What is the remainder when l(176) is divided by (-1)/(3/9*u)?
0
Let z(f) = -83 - 28 + 68 + 4*f. Let r be z(10). What is the remainder when 58 is divided by 2/r + (-11)/(-3)?
1
Suppose d = 5*n - 34, -30*d = 5*n - 28*d - 52. Calculate the remainder when 4191 is divided by n.
7
What is the remainder when (20/(-16))/((-3)/(-12)) + 76 is divided by 62?
9
Suppose 0 = 4*a - 5*a + 71. Suppose 25*k - 354 = a. Calculate the remainder when 83 is divided by k.
15
Suppose -124*b + 120*b + 570 = 3*t, t + 2*b = 184. Calculate the remainder when 279 is divided by t.
77
Suppose 48*j - 45*j = -3*s + 387, 3*s + 109 = j. Calculate the remainder when 500 is divided by j.
4
Let j(n) = n**2 + 5*n - 85. Let r be (-25)/(-3) + (-3 - 40/(-15)). Calculate the remainder when 4/14 - (-1018)/14 is divided by j(r).
16
Let w = 89 - -44. What is the remainder when 393 is divided by w?
127
Let h(u) = -u**3 - 6*u**2 + 4*u - 1. Let q = 1605 + -2595. Calculate the remainder when ((-14)/10)/(18/q) is divided by h(-7).
17
Let g = -14 + -5. Let a(f) = -f**3 - 20*f**2 - 26*f + 9. Calculate the remainder when a(g) is divided by 36.
34
Let w(j) = -j + 4. Let r be w(-5). Let y be 0/(-228) - ((1 - -1) + 0). Calculate the remainder when 108 is divided by 105/r - (-5)/(15/y).
9
Suppose 13*a - 4*a + 2169 = 0. Let y = a + 255. Calculate the remainder when 179 is divided by y.
11
Suppose -14 = w - 23. Suppose 2*t + t = -w, -3*p + 3*t + 252 = 0. Calculate the remainder when p is divided by 14.
11
Let m(g) = 2*g**3 + 32*g**2 - 3*g - 17. Let j(r) = -6*r**3 - 65*r**2 + 5*r + 35. Let h(l) = -3*j(l) - 7*m(l). What is the remainder when 43 is divided by h(7)?
1
Let q(p) = 2*p**3 - 2*p**2 - 2*p + 1. Let f be q(2). Let i be ((-7)/21)/(1/(-111)). Let r = f + i. Calculate the remainder when r is divided by 22.
20
Suppose -7*a = -39*a - 832. Let r = 99 - a. Let f(t) = -15*t + 2. What is the remainder when r is divided by f(-2)?
29
Let q = 378 - 378. Suppose 0 = 3*t + 3*w - 9, q = 14*w - 18*w - 12. Calculate the remainder when 34 is divided by t.
4
Suppose -p + 43 = 13*y - 10*y, 0 = 3*p + 3*y - 99. What is the remainder when 389 is divided by p?
25
Let u(n) = -16*n**3 + 3*n**2 - 2*n - 4. Let z be u(2). Let v = z + 55. Let t = v - -99. What is the remainder when t is divided by 11?
8
Suppose 0 = 51*n - 34*n - 22*n. Suppose -2*g + 4*y - 402 = -996, -4*g - y + 1170 = n. What is the remainder when g is divided by 42?
41
Let l(z) = z**3 - 5*z**2 - z - 4. Let d be l(5). Let k(s) = s**2 + 9*s - 20. Let g be k(d). Let t = g + 23. Calculate the remainder when t is divided by 1.
0
Let b(d) = -104*d - 3192. Calculate the remainder when b(-50) is divided by 13.
6
Let x(c) = c**2 + 7*c + 57. Let u(y) = -17*y - 21. Calculate the remainder when x(-11) is divided by u(-2).
10
Let f be (-13)/39 - (-52)/3. Let y = f - 15. What is the remainder when 41 is divided by (-496)/(-48) + y/3?
8
Suppose 0 = -7*v + 90 + 169. What is the remainder when 309 is divided by v?
13
Suppose 65 = 11*m - 89. Let r be (-3 + (-18)/(-4))*2. Suppose -7*o + 2*o = -15, 2*o - 210 = -r*y. Calculate the remainder when y is divided by m.
12
Suppose -3836 = -19*y + 2*t + 562, -3*t - 1145 = -5*y. Calculate the remainder when 4638 is divided by y.
230
Suppose 0 = 65*u + 191*u - 1706 - 3414. Calculate the remainder when 1638 is divided by u.
18
What is the remainder when 0 - (-230)/2 - 0 is divided by 5/(-4)*14/175*-40?
3
Suppose 0 = 66*c - 6688 - 6578. Calculate the remainder when 488 is divided by c.
86
Suppose -d + 765 = 5*q, 0 = -4*d + 20*q - 16*q + 3204. What is the remainder when 805 is divided by d?
10
Suppose -4*x - 2*h = -630, -2*h = 5*x + 3*h - 775. Let o = -156 + x. Calculate the remainder when 113 is divided by o.
1
Suppose 3*a = 7*h - 2*h + 63, 4*h = -12. Let z be (-72)/27*(-27)/12. What is the remainder when 0 + 5508/44 - z/33 is divided by a?
13
Let f be (25/(-2))/((-4)/8). Let q(i) = i**3 - 24*i**2 - 25*i + 18. What is the remainder when 611 is divided by q(f)?
17
Suppose -53*x = -43*x - 120. What is the remainder when 65 is divided by 4 + 20 - 2/(x/(-18))?
11
Let l(t) = -7*t - 2. Let g(s) = -13*s - 6. Let o(k) = 6*g(k) - 11*l(k). Calculate the remainder when 20 is divided by o(-17).
2
Let w be (-2)/4*5*(-252)/70. Suppose 5 - w = -l. Suppose 0 = y + l*n - 21, 5*y = -n - 4*n + 75. Calculate the remainder when 37 is divided by y.
11
Suppose -3*p = -0 - 6, -h + p - 24 = 0. Let j(r) = 30 - 2*r**2 + 186*r - 163*r + 3*r**2. What is the remainder when j(h) is divided by 5?
3
Let i = 796 - 779. Calculate the remainder when 337 is divided by i.
14
Let k(y) = 5*y**2 - 93*y + 3. What is the remainder when 106 is divided by k(19)?
24
Let x(j) = -j**3 + 4*j**2 + 3*j - 2. Let d be (-10)/(-4)*(-66)/(-55). Let k be x(d). Suppose 17*o - 9 = k*o. Calculate the remainder when o is divided by 3.
0
Let n be (-4)/(-18) + 544/144 + -624. What is the remainder when (n/25)/(2/(-5)) is divided by 17?
11
Let z(m) = m - 3. Let p(j) = -60